23?
5
What is the remainder when 57270649 is divided by 1555?
1554
Calculate the remainder when 44820 is divided by 34718.
10102
Calculate the remainder when 41956525 is divided by 1438.
1437
Calculate the remainder when 252425 is divided by 1485.
1460
What is the remainder when 548642 is divided by 763?
45
Calculate the remainder when 16901 is divided by 7953.
995
Calculate the remainder when 34579904 is divided by 1329995.
34
Calculate the remainder when 824132 is divided by 411938.
256
What is the remainder when 754653 is divided by 377316?
21
What is the remainder when 4369368 is divided by 1962?
1956
What is the remainder when 806669 is divided by 386?
315
What is the remainder when 9726 is divided by 1083?
1062
What is the remainder when 40255867 is divided by 1264?
1259
Calculate the remainder when 34476099 is divided by 546.
21
Calculate the remainder when 165572 is divided by 41207.
744
What is the remainder when 739741 is divided by 589?
546
Calculate the remainder when 176826 is divided by 19152.
4458
What is the remainder when 1331637 is divided by 57892?
121
Calculate the remainder when 28231 is divided by 9293.
352
Calculate the remainder when 330651 is divided by 10332.
27
What is the remainder when 1616456 is divided by 89787?
290
What is the remainder when 12912 is divided by 12867?
45
Calculate the remainder when 31383 is divided by 4326.
1101
What is the remainder when 332149 is divided by 1035?
949
What is the remainder when 240023 is divided by 3116?
91
What is the remainder when 188814 is divided by 12504?
1254
What is the remainder when 8822895 is divided by 735225?
195
What is the remainder when 666201 is divided by 24668?
165
Calculate the remainder when 47193 is divided by 5325.
4593
What is the remainder when 2673754 is divided by 111?
97
What is the remainder when 1199562 is divided by 171352?
98
What is the remainder when 1178102 is divided by 1178093?
9
Calculate the remainder when 457369 is divided by 3913.
3461
What is the remainder when 56526 is divided by 1823?
13
What is the remainder when 2000258 is divided by 18694?
0
What is the remainder when 47065 is divided by 2547?
1219
Calculate the remainder when 290731 is divided by 941.
903
Calculate the remainder when 5525314 is divided by 12.
10
Calculate the remainder when 100778283 is divided by 76.
3
What is the remainder when 19601518 is divided by 4900354?
102
What is the remainder when 2085463 is divided by 22912?
471
What is the remainder when 114882 is divided by 20?
2
What is the remainder when 4730274 is divided by 1068?
102
Calculate the remainder when 9147177 is divided by 2030.
2027
Calculate the remainder when 795371 is divided by 315.
311
What is the remainder when 43008380 is divided by 1046?
1044
What is the remainder when 39840861 is divided by 23?
8
What is the remainder when 447892 is divided by 231?
214
Calculate the remainder when 184073 is divided by 372.
305
Calculate the remainder when 52033 is divided by 157.
66
What is the remainder when 3074707 is divided by 373?
68
What is the remainder when 1759890 is divided by 1673?
1567
What is the remainder when 12949961 is divided by 1459?
1336
Calculate the remainder when 1333323 is divided by 646.
625
What is the remainder when 1610684 is divided by 321?
227
Calculate the remainder when 6017449 is divided by 942.
895
Calculate the remainder when 4031464 is divided by 1343821.
1
Calculate the remainder when 219537 is divided by 6860.
17
Calculate the remainder when 123132505 is divided by 13.
2
Calculate the remainder when 2728466 is divided by 272845.
16
Calculate the remainder when 881788 is divided by 38336.
60
Calculate the remainder when 174425 is divided by 21791.
97
What is the remainder when 50047 is divided by 7960?
2287
Calculate the remainder when 270177 is divided by 481.
336
What is the remainder when 165258 is divided by 3974?
2324
Calculate the remainder when 213951380 is divided by 555.
545
What is the remainder when 2105 is divided by 1382?
723
What is the remainder when 23375698 is divided by 53?
48
What is the remainder when 18174734 is divided by 92?
42
Calculate the remainder when 146686672 is divided by 210.
202
Calculate the remainder when 2302814 is divided by 60.
14
Calculate the remainder when 21982 is divided by 7015.
937
What is the remainder when 4308443 is divided by 1077094?
67
What is the remainder when 1333617 is divided by 315?
222
What is the remainder when 43982712 is divided by 74?
72
Calculate the remainder when 164138 is divided by 155.
148
Calculate the remainder when 145058 is divided by 1378.
368
What is the remainder when 5318916 is divided by 271?
270
What is the remainder when 21024437 is divided by 9189?
5
Calculate the remainder when 3993013 is divided by 6050.
13
Calculate the remainder when 82784 is divided by 7007.
5707
Calculate the remainder when 2409670 is divided by 520.
510
Calculate the remainder when 32277 is divided by 349.
169
Calculate the remainder when 20794253 is divided by 14.
11
Calculate the remainder when 56868010 is divided by 187.
1
Calculate the remainder when 2211305 is divided by 24.
17
What is the remainder when 1128018 is divided by 1802?
1768
Calculate the remainder when 164685 is divided by 80564.
3557
Calculate the remainder when 59499041 is divided by 59499032.
9
Calculate the remainder when 897859 is divided by 210.
109
What is the remainder when 503641 is divided by 1719?
1693
Calculate the remainder when 12193321 is divided by 189.
175
What is the remainder when 1141985 is divided by 163086?
383
What is the remainder when 271639 is divided by 11804?
147
Calculate the remainder when 318372447 is divided by 20.
7
Calculate the remainder when 18993 is divided by 1596.
1437
What is the remainder when 297182 is divided by 120?
62
Calculate the remainder when 1312900 is divided by 1312895.
5
Calculate the remainder when 45920 is divided by 1021.
996
Calculate the remainder when 12417473 is divided by 427.
313
What is the remainder when 16941889 is divided by 346?
345
What is the remainder when 893370643 is divided by 98?
95
Calculate the remainder when 192641 is divided by 64192.
65
What is the remainder when 43056 is divided by 7?
6
Calculate the remainder when 9230445 is divided by 3076800.
45
What is the remainder when 1174951 is divided by 5247?
4870
What is the remainder when 5557314 is divided by 5557310?
4
What is the remainder when 164282 is divided by 164061?
221
What is the remainder when 9499370 is divided by 34?
8
Calculate the remainder when 45760696 is divided by 22880347.
2
Calculate the remainder when 26888 is divided by 21108.
5780
Calculate the remainder when 365763 is divided by 355369.
10394
Calculate the remainder when 1406661 is divided by 140581.
851
What is the remainder when 480876 is divided by 198?
132
Calculate the remainder when 17341819 is divided by 279705.
109
Calculate the remainder when 4143302 is divided by 1251.
1241
What is the remainder when 1649365 is divided by 549782?
19
Calculate the remainder when 1152625 is divided by 606.
13
Calculate the remainder when 205780 is divided by 100852.
4076
Calculate the remainder when 973152 is divided by 7723.
54
What is the remainder when 3119034 is divided by 87?
84
What is the remainder when 16011838 is divided by 1369?
14
Calculate the remainder when 6883615 is divided by 178.
177
Calculate the remainder when 4038953 is divided by 117.
113
What is the remainder when 16794541 is divided by 64?
45
Calculate the remainder when 2856472 is divided by 40.
32
What is the remainder when 3193085 is divided by 134?
133
Calculate the remainder when 414580 is divided by 45996.
616
What is the remainder when 283681415 is divided by 502091?
0
What is the remainder when 330614 is divided by 153?
134
What is the remainder when 38182152 is divided by 212123?
12
What is the remainder when 35608180 is divided by 45?
40
Calculate the remainder when 87130828 is divided by 388.
384
Calculate the remainder when 5389482 is divided by 1796492.
6
What is the remainder when 644189 is divided by 2669?
960
What is the remainder when 1347191 is divided by 792?
791
Calculate the remainder when 10031285 is divided by 130276.
33
What is the remainder when 9809255 is di